 ((-6)/2)/(r/13). What are the prime factors of 98/(-4)*6/v?
7
Let g = -329 - -349. What are the prime factors of g?
2, 5
Let t = -40 - -68. Suppose 2*p - t = p. What are the prime factors of p?
2, 7
Suppose -3*h - 2*u + 84 = 0, 138 = 5*h + 5*u - u. What are the prime factors of h?
2, 3, 5
Let z(a) = -a**3 - 15*a**2 + 17*a - 20. Let m be z(-16). Let b = m + 85. What are the prime factors of b?
7
Let l(i) = i**2 + 5*i - 6. Let d be l(-6). Let p = 21 + -13. Let m = p + d. List the prime factors of m.
2
Let v(p) = 13*p**2 - 6*p - 48. What are the prime factors of v(-5)?
307
Let c be (0 + (-10)/(-6))*(107 + -20). List the prime factors of c + 3*12/(-9).
3, 47
Let x(k) be the third derivative of k**6/120 + k**5/10 - 3*k**4/8 - 2*k**3/3 - k**2. Let j be x(4). Suppose 5*a - j = -0*a. What are the prime factors of a?
2, 3
Let c(l) = 63*l**2 - 13*l + 30. List the prime factors of c(3).
2, 3, 31
Suppose 0 = 65*n - 135128 - 100042. List the prime factors of n.
2, 3, 67
Let c = -249 + 152. Let b = 44 + c. Let g = -31 - b. List the prime factors of g.
2, 11
Let r(h) = -24*h + 0*h**2 - 32 + 4*h**2 - 5*h**2. List the prime factors of r(-15).
103
Suppose -2*o = 7*o - 3663. List the prime factors of o.
11, 37
Let n = 290 + -424. Let g = n + 347. List the prime factors of g.
3, 71
Let b(m) = 3*m**3 + m**2 + 2*m - 1. Let r = -15 + 18. What are the prime factors of b(r)?
5, 19
Let p = 31 + -27. Suppose p*r - 90 = -r. List the prime factors of r.
2, 3
Let a(f) = 2*f**2 + f - 2. Let g be a(3). Suppose 3*l + g = 5*j, -5*l - 3 = -3*j + 2. Suppose 0 = j*w - 65 - 60. What are the prime factors of w?
5
Suppose 5*k - 13 + 23 = 0. Let o be k*(-1 - -2) + 35. List the prime factors of 12*(o/6 + -4).
2, 3
Suppose 4*b + 2*k + 2*k = -3660, 4*k - 4530 = 5*b. Let j be b/45 + (-2)/(-9). List the prime factors of (2*5)/((-8)/j).
5
Let t = -14 - -19. Suppose -4*p = t*r - 37, 2*p + 3 = 2*r - 1. Let q(l) = 9*l + 3. List the prime factors of q(p).
2, 3, 5
Suppose 0 = 3*d - 305 - 154. List the prime factors of d.
3, 17
Suppose -66080 = -13*k - 15*k. What are the prime factors of k?
2, 5, 59
Let a = -10 + 4. Let n(g) = 4*g**2 + 24. What are the prime factors of n(a)?
2, 3, 7
Suppose -3*h = -8*h + 3*k + 2757, 3*h + 5*k = 1661. List the prime factors of h.
2, 3, 23
Let z = 1781 - -160. List the prime factors of z.
3, 647
Let l(v) = 86*v - 54. List the prime factors of l(5).
2, 47
Let v = 33 + 60. Suppose 7*b - v = 4*b. What are the prime factors of b?
31
Let d be 24/12 - 2*1. Suppose -g - s + 1 + 6 = d, -3*g + 1 = -s. What are the prime factors of g?
2
Let u = 101 - 94. Suppose -v + 2*p + 130 = u*p, 0 = -5*v - p + 746. What are the prime factors of v?
2, 3, 5
Let x(j) = j**2 + 3*j - 7. Suppose -155 = -5*k - 5*w, -k + 10 + 9 = -5*w. Suppose i = -4*i - 2*r - k, -4*i - 3*r = 26. What are the prime factors of x(i)?
3
Suppose 4*s - g - 714 + 122 = 0, 0 = -4*s + 4*g + 580. What are the prime factors of s?
149
Suppose 0 = 4*y + 2*l - 1708, 5*l - 1482 = -2*y - 612. What are the prime factors of y?
5, 17
Let v(t) = t**3 - 19*t**2 + 25*t - 17. Let o be v(17). Let k = o + 243. What are the prime factors of k?
73
Suppose -36435 = 2*g - 23*g. List the prime factors of g.
5, 347
Let f(l) = -64*l**3 + 3*l**2 - 2*l. Let z be f(2). What are the prime factors of z/10*(-60)/18?
2, 3, 7
Let o(y) = -5*y - 5. Let k be o(-8). Let l = k - -42. List the prime factors of l.
7, 11
Let w(s) = -s**2 + 17*s - 58. Let x be w(19). Let g = -22 - x. What are the prime factors of g?
2, 37
Suppose 0 = 4*y + 2 + 14, 0 = 5*j - y + 151. Let b = j + 117. List the prime factors of b.
2, 43
Let p = 4256 - 3003. What are the prime factors of p?
7, 179
Let m(a) = 11*a - 5. Let y(q) = q**3 - 3*q**2 + q - 1. Let b be y(3). What are the prime factors of m(b)?
17
Suppose -2*k + 7 = -1. Let f be k/1 + -9 + 7. What are the prime factors of (f + -4)/(8/(-76))?
19
Let v(s) = s**2 + 7*s + 8. Let o be v(-5). Let g(w) = -w**3 + 4*w**2 - 3*w - 3. Let u be g(3). List the prime factors of 20 + (-1 - o)*u.
17
Suppose -3*h + 5*m = -170 + 26, -h + 48 = 2*m. Suppose 6*a = 2*a + 2*c + h, -4*c = -4*a + 40. Suppose -a = u - 39. What are the prime factors of u?
5
Let l(v) be the third derivative of -v**5/60 + 7*v**4/8 + 2*v**3/3 - 31*v**2. List the prime factors of l(7).
2, 3, 17
Let r be (-74)/(-3) - (-1)/3. Suppose 0 = j - 3*z + 7, 0 = 5*z - r. Suppose 10*w = j*w + 96. List the prime factors of w.
2, 3
Let k = 30 + 217. What are the prime factors of k?
13, 19
Suppose 3*h - 19 = -5*w, 5 = h + 5*w - 8. What are the prime factors of (-304)/(-6) - 2/h?
2, 5
Suppose 0 = -3*r + 4*l + 955, 2*l - 4*l = 2*r - 660. Suppose 0 = n - 5*w - 110, n + 3*n - r = -3*w. List the prime factors of n.
5, 17
Let f = 735 + -512. What are the prime factors of f?
223
Let g(r) = r**2 - 8*r - 158. List the prime factors of g(24).
2, 113
Suppose 5*r = -0*u - 2*u + 2073, 2*u - r = 2079. What are the prime factors of u?
1039
Suppose 0 = 9*p - 288 - 207. Let r = p + 40. What are the prime factors of r?
5, 19
Let z be (6/(-4))/(45/(-240)). Suppose z*j + 90 = 13*j. What are the prime factors of (-118)/(-1)*9/j?
59
Let i = -32 - -35. Suppose i*z - 5*j - 22 = 5, 5*z - 5*j = 55. What are the prime factors of z?
2, 7
Suppose 0 = q - 3*n - 402, 3*n + 34 = 5*q - 1988. Suppose -2*g + 5*g - q = 0. List the prime factors of g.
3, 5
Let v be 2/1 + (-15)/((-90)/12). Let p be ((-16)/6)/((-8)/12). Suppose 3 - 21 = -3*a - p*j, 3*j = -v*a + 31. List the prime factors of a.
2, 5
Suppose 4*f - 2*z + 4*z = 4242, -2*f + 2115 = -5*z. What are the prime factors of f?
2, 5, 53
List the prime factors of (-70)/10*1 - -2055.
2
Suppose 0 = c - 1 - 2. Suppose 3*k = -c*v + 180, -k = -5*k + 5*v + 231. What are the prime factors of k?
59
What are the prime factors of 3686/6 + 40/24?
2, 7, 11
Suppose 0 = -34*w + 33*w + 362. What are the prime factors of w?
2, 181
Let h(o) = 3*o**2 - 2*o + 7. Suppose 0 = 3*d + 3*u - 3, -3*d = -2*d + 4*u + 14. Let f be h(d). Let q = -66 + f. List the prime factors of q.
37
Let a = 19 - 16. Suppose 0*y + y + h - 207 = 0, 0 = a*h. Suppose -4*x + 3*j = -y, 0 = -5*x + 3*j - 2*j + 245. What are the prime factors of x?
2, 3
Suppose -3*w = -5*g - 2294 - 50, 0 = -g - 2. What are the prime factors of w?
2, 389
What are the prime factors of (-3472)/(-21) - (-6)/9?
2, 83
Let n be (-3 + 193)*12/30. Let g = 130 - n. Let v = g + -35. List the prime factors of v.
19
Suppose -4*q - 5 = 5*f, 2*q - 4 + 6 = -2*f. Let j be 2/18*-3 - 19/(-3). Suppose 2*x + 4*z - 58 = q, 3*z - 21 = -j. What are the prime factors of x?
19
Let i be 264/5 - (-3)/(-15)*-1. Suppose -h - i = -262. List the prime factors of h.
11, 19
Let y be (2 - -1)/(5/5) - -20. Let j(z) = 11*z - 29. List the prime factors of j(y).
2, 7
Suppose -19*o + 6608 = -3*o. List the prime factors of o.
7, 59
Let w(v) = -43*v - 48*v + 140*v - 51*v - 8. Suppose -6 = 4*y + 30. List the prime factors of w(y).
2, 5
Suppose -2*i = 2*s - 12, 4*i - i + 4*s - 21 = 0. Suppose p - i*h - 34 = 0, -3*p = 4*h - 99 + 36. List the prime factors of p.
5
Let z = -2817 - -6060. List the prime factors of z.
3, 23, 47
Let h(g) = 2*g**2 + 26*g + 167. List the prime factors of h(16).
3, 5, 73
Let v(l) = l**2 + 8*l - 12. Let u be v(-10). Suppose 215 = 13*d - u*d. List the prime factors of d.
43
Let a = -175 - -255. List the prime factors of 1 + 2/10 + 12944/a.
163
Let r(a) = 2*a**2 + a - 1. Let h be r(1). Suppose -3*t - 15 = 0, -5*c + 0*c + h*t = -190. List the prime factors of c.
2, 3
Suppose 3549 = -x + 4*x + 3*y, 5*x = -y + 5899. What are the prime factors of x?
3, 131
Let b(m) = -80*m. What are the prime factors of b(-6)?
2, 3, 5
Let i be -2 + (6 - 1 - -2). Let h = 0 + 0. Suppose h = -a, -4*a + 160 = -x + i*x. List the prime factors of x.
2, 5
Let w(y) = -y - 21. Let q be w(-21). Suppose 5*z - 6*z + 121 = q. What are the prime factors of z?
11
Suppose -2*z + 9 = 2*i + 1, 3*z = -15. Suppose -11*q = -19*q + 16. Suppose -i = -q*k - k. List the prime factors of k.
3
Suppose 0 = 6*a - 2*a - 16, 0 = -u - 5*a - 45. Let i = u - -131. Let x = 116 - i. What are the prime factors of x?
2, 5
Let f(c) = -143*c + 11. What are the prime factors of f(-2)?
3, 11
Let y(w) = -3*w + 8. Suppose -20 = 5*l + i, -5*l - 5*i = -1 + 21. Let a be y(l). Let v = -7 + a. What are the prime factors 